se 9, what is 0 - 20?
-20
In base 16, what is 3 + ef?
f2
In base 4, what is 3300 + 302?
10202
In base 10, what is 39 - 59?
-20
In base 11, what is 33 - 0?
33
In base 9, what is -251 - -13?
-237
In base 8, what is -2414 + -5?
-2421
In base 15, what is 1 - -5d4?
5d5
In base 2, what is -1 + -110?
-111
In base 7, what is 4 - 245?
-241
In base 16, what is -4 + a35?
a31
In base 8, what is -4 - 2021?
-2025
In base 5, what is -133 - 11?
-144
In base 2, what is -101 - -110011101111?
110011101010
In base 7, what is -143 + 34?
-106
In base 2, what is 11 + -100110101?
-100110010
In base 5, what is -1334 + -4?
-1343
In base 13, what is a3 + 2?
a5
In base 16, what is 1c - -c?
28
In base 12, what is -2 - 7?
-9
In base 6, what is 514151 - 3?
514144
In base 7, what is 1 - 5?
-4
In base 2, what is 100110101 + 101?
100111010
In base 12, what is 5 + -33?
-2a
In base 16, what is -6 + -6d?
-73
In base 6, what is 131 - 21?
110
In base 10, what is 41 - 120?
-79
In base 11, what is a + -16?
-7
In base 12, what is 8 + 379?
385
In base 8, what is 5 + 2?
7
In base 2, what is 0 + 1010000111010?
1010000111010
In base 13, what is 1 - -1c04?
1c05
In base 10, what is 0 - -22?
22
In base 12, what is 1 - -127?
128
In base 3, what is -211102 + 1?
-211101
In base 6, what is 224 - 104?
120
In base 11, what is -1 + -127?
-128
In base 7, what is 114 + -13?
101
In base 5, what is -20 + -4?
-24
In base 15, what is -2 - 15e3?
-15e5
In base 16, what is -96 + -4?
-9a
In base 13, what is 40b6 + 2?
40b8
In base 14, what is 37 + 4?
3b
In base 13, what is -298 - -4?
-294
In base 9, what is 1 - 387?
-386
In base 7, what is 31653 + -5?
31645
In base 9, what is -4 + -272?
-276
In base 7, what is 35 - -4?
42
In base 10, what is 17 - 45?
-28
In base 16, what is 945 + 5?
94a
In base 15, what is 25 + 0?
25
In base 12, what is 82 + -28?
56
In base 2, what is -10 - -110000111110?
110000111100
In base 13, what is 3aa - -a?
3b7
In base 15, what is 1 + 2ae?
2b0
In base 16, what is -4 - 102?
-106
In base 6, what is 2255 + -30?
2225
In base 15, what is -ac6 + -2?
-ac8
In base 2, what is 100 + -1110111?
-1110011
In base 4, what is -11120 + -102?
-11222
In base 11, what is 20 - -34?
54
In base 14, what is 4 + -5c7?
-5c3
In base 6, what is -42 + 10?
-32
In base 3, what is 21100 + -1102?
12221
In base 2, what is 1010011011 + 0?
1010011011
In base 10, what is -1210 + -4?
-1214
In base 13, what is -719 + -2?
-71b
In base 12, what is -12 + 13?
1
In base 12, what is -3 - 1697?
-169a
In base 6, what is -122 + 3?
-115
In base 3, what is -1021220 + 12?
-1021201
In base 9, what is 3 - -5315?
5318
In base 6, what is 2020 - 1?
2015
In base 16, what is 1 + 155?
156
In base 6, what is -21114 - -2?
-21112
In base 4, what is 31 - -10?
101
In base 8, what is -304 - 12?
-316
In base 5, what is -401 + -1?
-402
In base 10, what is -3 + -3706?
-3709
In base 11, what is 0 - 23?
-23
In base 6, what is -2 + 1022?
1020
In base 7, what is -166 - 50?
-246
In base 13, what is -27 - 16a?
-194
In base 5, what is 21 - -2?
23
In base 13, what is -28 - -80?
55
In base 7, what is -3 + -1624?
-1630
In base 16, what is 3 + -4fe?
-4fb
In base 3, what is -1221211 + -1?
-1221212
In base 4, what is 1030 - 0?
1030
In base 4, what is 11011120 - -1?
11011121
In base 11, what is -14 - -4?
-10
In base 14, what is 4 - c9?
-c5
In base 6, what is 523 + -13?
510
In base 6, what is 315040 - 5?
315031
In base 11, what is -177 - 6?
-182
In base 3, what is -12 + -11012200?
-11012212
In base 16, what is -1 - -6a?
69
In base 11, what is -5 - -92?
88
In base 13, what is -1 + 173?
172
In base 4, what is -101 - -101?
0
In base 8, what is -22 - -14?
-6
In base 12, what is -4 + -5?
-9
In base 2, what is 101010 - -101?
101111
In base 12, what is 2 - -48?
4a
In base 11, what is 339 - 2?
337
In base 2, what is -111 - 1001101011?
-1001110010
In base 10, what is -1 + 2259?
2258
In base 5, what is 0 + 2112?
2112
In base 9, what is -4 + -222?
-226
In base 8, what is 27 + 121?
150
In base 12, what is 2 + -47?
-45
In base 9, what is 1 + 12?
13
In base 14, what is d + -14?
-5
In base 10, what is 5 + 16?
21
In base 8, what is 3301 + -5?
3274
In base 2, what is 100 + 110000?
110100
In base 12, what is 3 - 160?
-159
In base 3, what is 220020 - -12?
220102
In base 6, what is 1 + -1323?
-1322
In base 10, what is 10 - 5?
5
In base 3, what is -10001 - 12?
-10020
In base 13, what is 971 + 0?
971
In base 9, what is 30 + 28?
58
In base 2, what is 110 + 1001100?
1010010
In base 14, what is -384 - -1?
-383
In base 13, what is -58 - 5?
-60
In base 12, what is 10 - a?
2
In base 9, what is -5 - 52?
-57
In base 15, what is -4 + -b04?
-b08
In base 15, what is -4 - ea?
-ee
In base 10, what is -2805 + -5?
-2810
In base 14, what is 68 - -9b?
125
In base 11, what is 4 - 145?
-141
In base 7, what is 22 + -4?
15
In base 12, what is 8 - -855?
861
In base 3, what is 1022 - 1100?
-1
In base 5, what is 43 - 333?
-240
In base 13, what is -75b + 4?
-757
In base 11, what is 1 - 1?
0
In base 11, what is -5 + 75?
70
In base 13, what is -a1 - -1?
-a0
In base 16, what is 5cc9 - -4?
5ccd
In base 15, what is 41 - 81?
-40
In base 7, what is 404 + -12?
362
In base 9, what is 14 + -88?
-74
In base 16, what is -ab - 4?
-af
In base 7, what is -1 - -11?
10
In base 16, what is -1 + 1c?
1b
In base 8, what is 1372 + 0?
1372
In base 15, what is 2c - -8?
35
In base 13, what is 249 + 0?
249
In base 8, what is 1014 - 0?
1014
In base 11, what is -560 - 1?
-561
In base 8, what is -3 + 11536?
11533
In base 15, what is 16e + 19?
188
In base 3, what is 201201 - 1?
201200
In base 5, what is -4 + 14101?
14042
In base 8, what is -4 + 77?
73
In base 7, what is 4 + -61?
-54
In base 9, what is -1136 + 5?
-1131
In base 12, what is 52b - 16?
515
In base 10, what is -165 - 0?
-165
In base 3, what is 10 + -2100?
-2020
In base 7, what is 10261 + -5?
10253
In base 6, what is -2 + 3213?
3211
In base 13, what is -50 - 13?
-63
In base 4, what is 3 - 20003?
-20000
In base 3, what is -2 + 2002?
2000
In base 15, what is 19 - -81?
9a
In base 13, what is -1 + 3a?
39
In base 15, what is -5 - -1a7?
1a2
In base 16, what is 1 - b?
-a
In base 14, what is -130b + -4?
-1311
In base 7, what is -241 + 2?
-236
In base 14, what is 21db - -2?
21dd
In base 16, what is 3f09 - 2?
3f07
In base 15, what is -46 - 6?
-4c
In base 12, what is -133 + 1?
-132
In base 15, what is -47 - 8?
-50
In base 16, what is -3e + -6?
-44
In base 3, what is 11 + 2000201?
2000212
In base 3, what is 0 - -2222?
2222
In base 6, what is 5 + 154?
203
In base 15, what is -1 + -1787?
-1788
In base 16, what is -2 - c7?
-c9
In base 15, what is -2 + -2aa?
-2ac
In base 3, what is -1 - 1211?
-1212
In base 4, what is 21 - -1?
22
In base 13, what is -1683 + 2?
-1681
In base 3, what is -2 - 111?
-120
In base 12, what is 3 + 624?
627
In base 15, what is 0 + -48a?
-48a
In base 5, what is -213 + 10?
-203
In base 5, what is 30 - -24?
104
In base 12, what is 18 + -34?
-18
In base 14, what is 5 - 212?
-20b
In base 16, what is -5 + -38b?
-390
In base 6, what is 413 + 3?
420
In base 9, what is -11 + 36?
25
In base 4, what is -12 + 13111?
13033
In base 6, what is 20345 + 10?
20355
In base 14, what is 193 + -6?
18b
In base 16, what is -3dd + -4?
-3e1
In base 15, what is 1 + 629?
62a
In base 11, what is 902 - -4?
906
In base 7, what is -5 + 321?
313
In base 5, what is -20241 - -3?
-20233
In base 7, what is 4306 + -2?
4304
In base 9, what is -4 + 806?
802
In base 12, what is -30 + -10?
-40
In base 11, what is 3 - 31?
-29
In base 2, what is 1000001001 + -1110?
111111011
In base 2, what is -11 + -101001011?
-101001110
In base 16, what is 1454 + 2?
1456
In base 6, what is 3434 - 11?
3423
In base 13, what is 509 + 2?
50b
In base 3, what is 12 - -201010?
201022
In base 12, what is -51 + 2?
-4b
In base 13, what is 563b - -5?
5643
In base 10, what is 3 - -3?
6
In base 6, what is -2 - -41?
35
In base 3, what is -110222 + 0?
-110222
In base 8, what is 15130 - 3?
15125
In base 10, what is -5 - 188?
-193
In base 13, what is 7 + -11?
-7
In base 7, what is -555 + 124?
-431
In base 4, what is -211 + 12?
-133
In base 10, what is 0 + -205?
-205
In base 4, what is -211 + -1130?
-2001
In base 13, what is 116 - 4?
112
In base 10, what is 53 + 23?
76
In base 9, what is -10 - -21?
11
In base 14, what is 3 + -675?
-672
In base 9